4 = 3*v - 5*w, 0*v + 84 = 3*v + 3*w. Let q be (-36)/(-63) + 282/21. Let n = q + -7. Calculate the greatest common factor of v and n.
7
Suppose 2*t - 3*t = 5*s - 130, 0 = -5*t + 4*s + 418. What is the greatest common divisor of t and 48870?
90
Let s(b) = 66*b - 9. Suppose -5*k - 3*n = -14, -n + 2 = -2*n. Let x be s(k). What is the highest common factor of 153 and x?
51
Let g(u) = -u**3 + 37*u**2 - 2*u + 112. Let j be g(37). Suppose 32*h + 6 = 33*h. Calculate the greatest common divisor of j and h.
2
Suppose -39*v = 138 - 1269. Let d(y) = 2*y**2 + 7*y + 3. Let k be d(-6). Let m = k - v. Calculate the highest common factor of m and 44.
4
Suppose -5 = 3*x - 5*o - 1, -2*x + 14 = 5*o. Suppose -x*l = -15*l + 429. What is the greatest common divisor of l and 77?
11
Let w = 436 - 123. Let b = -169 + w. Let p(l) = 2*l**3 + 16*l**2 - 11*l - 159. Let f be p(-7). What is the greatest common factor of b and f?
16
Suppose -1931 = -17*l - 690. Suppose g + 2*g + 132 = 0. Let z = l + g. What is the greatest common divisor of 319 and z?
29
Let l be ((-54)/(-108))/(1/(-1068)). Let d = 542 + l. What is the greatest common factor of 24 and d?
8
Let b(g) = 4*g**3 + 1. Let k be b(1). Let u(t) = -2*t**2 + 46*t + 73. Let h be u(23). Suppose 41*s = h*s - 480. What is the greatest common divisor of s and k?
5
Let c = -16762 + 16771. Suppose 5*u - 84 = -5*a + a, -4*u + 5*a + 100 = 0. Let b = u - 14. Calculate the greatest common divisor of b and c.
3
Let w = -1535 - -1547. What is the highest common divisor of w and 66?
6
Let l(b) = -b**3 + 35*b**2 - 61*b - 775. Let c be l(22). What is the greatest common factor of 100 and c?
25
Let f(g) = 26*g + 365. Let v be f(-7). Calculate the highest common divisor of v and 12.
3
Let i = -9243 - -9245. Calculate the greatest common divisor of i and 358.
2
Suppose 0 = -7*z + 718 + 1344 - 53. What is the greatest common divisor of 123 and z?
41
Let q = -59 - 125. Let t = q + 316. Calculate the highest common factor of 72 and t.
12
Suppose -141*w = -233*w + 176*w - 26880. Suppose 2*b - 60 = -0*b. What is the greatest common factor of w and b?
10
Suppose 0 - 1 = -i. Suppose -98*s + 69 = -167*s + 92*s. Calculate the greatest common factor of s and i.
1
Let p = 62 - 34. Let r = 226 - 509. Let i = 353 + r. Calculate the greatest common divisor of i and p.
14
Let w be (0 - -6) + 10/(-3 + -2). Let b(h) = 3*h**2 + 3*h - 27. Let q be b(w). Calculate the highest common divisor of q and 429.
33
Suppose 2*g - 6050 = -5*b, 11*g + 6050 = 5*b + 8*g. Calculate the highest common factor of b and 10.
10
Let o(q) = -q + 7. Let a be o(-7). Suppose 4*w + w + 4*t - 3892 = 0, 2343 = 3*w + 5*t. Let z = w - 594. Calculate the greatest common divisor of z and a.
14
Suppose 140 = 22*b + 68 - 280. Calculate the highest common factor of b and 248.
8
Suppose 832 = 5*w + 4*x + 130, 5*w - 5*x = 720. Calculate the greatest common divisor of 639 and w.
71
Suppose 0 = -1087*t + 1101*t - 154. What is the highest common factor of t and 1?
1
Suppose -2*a = 3*a - 3*n - 229, 10 = 5*n. Let u = a - 20. Let t be (13 - (0 - -2)) + (4 - 6). Calculate the highest common divisor of t and u.
9
Let n(s) = -4*s**3 + 91*s + 183. Let p be n(-2). Calculate the highest common divisor of 1397 and p.
11
Suppose 735*y - 203389 = 2411741. What is the highest common divisor of 6 and y?
6
Let p = 14 + 163. Suppose 5*j + 1996 = 3*m, -m + 491 + p = j. Calculate the greatest common divisor of m and 29.
29
Suppose 4*r = -4*h - 1376, -5*r - h = -7*r - 700. Let q = r + 579. Calculate the greatest common factor of 21 and q.
21
Let i = -15 - -19. Suppose i*x + 307 = 47. Let b = -33 - x. What is the highest common divisor of 48 and b?
16
Let j(f) = 117*f**2 - f - 10. Let i(t) = -58*t**2 + t + 5. Let d(c) = 5*i(c) + 3*j(c). Let h be d(2). Calculate the greatest common factor of h and 27.
27
Suppose -5*t + 520 + 2548 = b, -3*t - 21 = 0. What is the highest common divisor of b and 214?
107
Let k(f) = -15*f - 415. Let y be k(-34). Let o(t) = -7 + 11*t - 7*t + 5*t. Let s be o(5). Calculate the greatest common divisor of y and s.
19
Let c = -13435 - -13507. What is the greatest common factor of c and 12708?
36
Let s be (9 - -6)*(74/6 + (-5)/(-15)). What is the greatest common factor of 230 and s?
10
Let w = 2281 + 6329. Calculate the greatest common divisor of w and 84.
42
Suppose 0 = 4*c + 3*z - 364, -1 = -z + 3. Suppose 7*w - 264 = -19. Let m be (0 - (-111)/15) + 21/w. What is the greatest common divisor of c and m?
8
Let j be (-1)/(1/(-10)) + (-42)/7 - -263. Calculate the highest common factor of 6319 and j.
89
Let a(p) = p**3 + 62*p**2 + 286*p - 273. Let g be a(-51). What is the highest common factor of g and 36?
36
Let u = 103 - 3. Suppose o = 26 + u. What is the highest common divisor of o and 28?
14
Suppose 5*p - c = 283, 3*p - 4*c + 42 = 188. Calculate the greatest common factor of 319 and p.
29
Suppose 0 = 381*d - 443*d + 38874. What is the greatest common divisor of 399 and d?
57
Let r(v) = 203*v**3 + 2*v**2 + 14*v - 15. Let x be r(1). Suppose x = -20*q + 1484. Calculate the highest common divisor of 2 and q.
2
Suppose -47*i + 106 = -82. Suppose 5*f + i*u - 285 = 0, f - 114 = -f + 2*u. Calculate the highest common factor of 627 and f.
57
Suppose 0 = -2*c + 19*c - 6*c - 550. Calculate the greatest common divisor of 80 and c.
10
Let p = 360 + -344. Suppose -3*b + 1042 = -2*w, b - 12*w - 366 = -p*w. What is the highest common factor of b and 210?
70
Let l be 56/294*35*6/4. Let i(c) = -c**2 + 3*c + 6. Let m be i(5). Let k(d) = -4*d - 1. Let n be k(m). Calculate the highest common factor of n and l.
5
Suppose 4*u - 3*k - 523 = 2*u, 0 = 4*k + 12. Suppose 0 = w - 139 + u. Let n = -107 - w. Calculate the highest common divisor of n and 55.
11
Let m(q) = 2*q + 30. Let g be m(-9). Let v = -78 + 98. Calculate the highest common divisor of v and g.
4
Suppose -6*r - 805 = -11*r. Let s = -145 + r. Let p(b) = -40*b. Let y be p(-1). Calculate the highest common factor of s and y.
8
Let l be (-1)/((-44)/14 - -3). Suppose 5*o = -4*f - 53 + 364, 3*o - 185 = -4*f. Suppose 0 = 10*r - 9*r - o. What is the highest common divisor of l and r?
7
Let t(m) = -4*m + 73. Suppose 3*w + 3*s - 204 = 0, -7*s - 196 = -3*w - 2*s. Let x = -50 + w. Let o be t(x). What is the greatest common factor of 75 and o?
5
Suppose -3*b = -3*s - 3, -4*s + 5*b + 21 = 6*b. What is the highest common factor of s and 648?
4
Let o = -9234 - -9261. Let q = 1 + 3. Suppose -z - 2*r - r + 96 = 0, 0 = 2*z - q*r - 232. What is the greatest common factor of o and z?
27
Suppose 66654 = -28*w + 51*w. Suppose 24*s - w = s. Calculate the greatest common divisor of 693 and s.
63
Let v = 2258 + -2167. What is the highest common divisor of v and 147?
7
Let i be (-96)/(-2 + -2) + 1. Suppose 9*f - i = 20. Suppose w - 625 = -4*w + 3*d, 0 = d - f. What is the greatest common divisor of 32 and w?
32
Let g = 42 + -41. Let p be -4 - (-2 + g)*6*5. Calculate the greatest common factor of 13 and p.
13
Suppose 0 = 68*u - 7727 - 1929. Calculate the greatest common divisor of 8378 and u.
142
Let a(d) be the first derivative of -3*d**4/4 - 43*d**3/3 - 9*d**2 - 16*d - 34. Let i be a(-14). Calculate the greatest common divisor of i and 60.
20
Let t(d) = d**2 - 3*d + 370. Let r be t(33). Calculate the highest common factor of 160 and r.
80
Let m = 777 + -305. Suppose x + 4*j + 0*j - 87 = 0, 5*x + j = 302. Calculate the highest common factor of m and x.
59
Let h = 21 - 16. Let p be 185/5 - (h + -1). What is the greatest common divisor of p and 231?
33
Let q be (-49)/(((-2)/6)/((-21)/(-63))). Calculate the highest common divisor of q and 7693.
49
Let g(o) = 15*o**2 - 53*o - 20. Let d be g(18). What is the highest common factor of d and 116?
58
Suppose -7*l = -6*l + 8*l - 1287. Calculate the highest common factor of l and 559.
13
Suppose -4*d + 26 - 61 = -99. What is the greatest common divisor of 11984 and d?
16
Let g = -40065 + 42053. What is the greatest common divisor of g and 11360?
284
Let c be ((-147)/7)/(63/42)*475/(-2). Calculate the highest common factor of 133 and c.
133
Let t = -117 + 122. Suppose -t*h - v + 69 = -4*h, 2*v + 142 = 2*h. What is the highest common divisor of 175 and h?
35
Suppose -5*r - 114 + 256 = 3*l, 6*l - 5*r - 254 = 0. Calculate the greatest common d